 12.
-165
Convert -45 (base 13) to base 14.
-41
What is -101 (base 3) in base 7?
-13
2 (base 12) to base 9
2
What is -4 (base 15) in base 2?
-100
Convert 17 (base 15) to base 13.
19
What is -21 (base 5) in base 12?
-b
What is 140 (base 8) in base 2?
1100000
-2a (base 15) to base 11
-37
Convert -1100 (base 2) to base 9.
-13
-1 (base 8) to base 13
-1
-20 (base 4) to base 12
-8
Convert -1 (base 12) to base 16.
-1
Convert 3 (base 14) to base 12.
3
What is 8 (base 11) in base 15?
8
Convert 24 (base 5) to base 10.
14
Convert -17 (base 15) to base 4.
-112
Convert 1 (base 16) to base 14.
1
What is -1400 (base 5) in base 4?
-3201
What is 110000 (base 2) in base 9?
53
11 (base 3) to base 6
4
0 (base 7) to base 6
0
66 (base 7) to base 9
53
What is -8 (base 9) in base 16?
-8
Convert -25 (base 6) to base 10.
-17
Convert 15 (base 11) to base 4.
100
10002 (base 3) to base 12
6b
Convert -8 (base 16) to base 12.
-8
What is -8 (base 16) in base 8?
-10
What is -27 (base 12) in base 9?
-34
What is 11 (base 5) in base 14?
6
-113 (base 4) to base 14
-19
1 (base 11) to base 4
1
Convert -55 (base 14) to base 11.
-69
What is -3 (base 13) in base 3?
-10
Convert -2 (base 8) to base 3.
-2
4 (base 5) to base 10
4
-54 (base 6) to base 10
-34
-32 (base 7) to base 2
-10111
Convert -111 (base 2) to base 10.
-7
3 (base 4) to base 12
3
What is 34 (base 8) in base 10?
28
-506 (base 7) to base 5
-2001
What is 6 (base 9) in base 13?
6
What is -10 (base 3) in base 15?
-3
What is -12 (base 3) in base 13?
-5
-7 (base 8) to base 5
-12
Convert 1110 (base 2) to base 11.
13
Convert c (base 16) to base 8.
14
What is 11 (base 7) in base 12?
8
What is 1 (base 9) in base 2?
1
What is 12 (base 12) in base 5?
24
What is 48 (base 11) in base 13?
40
1 (base 13) to base 4
1
Convert 2 (base 3) to base 5.
2
Convert 8 (base 12) to base 9.
8
14 (base 10) to base 12
12
-4 (base 9) to base 12
-4
22 (base 9) to base 3
202
141 (base 5) to base 14
34
What is -27 (base 12) in base 15?
-21
Convert 41 (base 8) to base 11.
30
What is -4 (base 11) in base 15?
-4
-10 (base 9) to base 3
-100
0 (base 2) to base 3
0
What is -a (base 11) in base 3?
-101
0 (base 15) to base 8
0
-11 (base 9) to base 16
-a
What is 11 (base 2) in base 8?
3
Convert -336 (base 9) to base 11.
-231
-2 (base 7) to base 9
-2
6 (base 12) to base 16
6
What is 3 (base 15) in base 14?
3
4 (base 9) to base 8
4
Convert -146 (base 8) to base 2.
-1100110
6 (base 14) to base 11
6
Convert -241 (base 5) to base 10.
-71
Convert -1011 (base 4) to base 12.
-59
Convert -506 (base 7) to base 9.
-308
What is 68 (base 16) in base 6?
252
-2 (base 3) to base 2
-10
-6 (base 7) to base 6
-10
-130 (base 11) to base 12
-10a
What is -1 (base 8) in base 16?
-1
-6 (base 13) to base 12
-6
What is -10 (base 6) in base 4?
-12
Convert 2 (base 16) to base 11.
2
3c (base 13) to base 5
201
Convert -1031 (base 4) to base 2.
-1001101
What is 12 (base 11) in base 12?
11
8 (base 9) to base 14
8
Convert 3 (base 12) to base 6.
3
Convert 14 (base 5) to base 9.
10
-a7 (base 14) to base 9
-173
What is -4 (base 7) in base 11?
-4
-53 (base 9) to base 3
-1210
-4 (base 12) to base 16
-4
38 (base 14) to base 3
1212
-2 (base 11) to base 7
-2
What is 27 (base 15) in base 10?
37
What is -414 (base 5) in base 13?
-85
What is 13 (base 8) in base 9?
12
What is 63 (base 15) in base 4?
1131
What is 4 (base 11) in base 4?
10
4 (base 8) to base 10
4
What is 1 (base 5) in base 13?
1
Convert -6 (base 11) to base 12.
-6
Convert 0 (base 10) to base 5.
0
-34 (base 7) to base 16
-19
Convert 6 (base 15) to base 5.
11
1 (base 15) to base 14
1
Convert 2 (base 6) to base 14.
2
-23 (base 6) to base 2
-1111
8 (base 12) to base 4
20
1010111 (base 2) to base 5
322
What is 10 (base 5) in base 10?
5
Convert -11b (base 13) to base 7.
-364
464 (base 8) to base 16
134
What is -30 (base 7) in base 3?
-210
-100200 (base 3) to base 7
-522
Convert 247 (base 11) to base 15.
148
0 (base 6) to base 4
0
Convert c7 (base 15) to base 6.
511
What is -66 (base 13) in base 16?
-54
20 (base 7) to base 4
32
What is -57 (base 10) in base 12?
-49
a (base 12) to base 6
14
Convert -10 (base 3) to base 8.
-3
0 (base 16) to base 15
0
What is -39 (base 11) in base 16?
-2a
What is -1205 (base 6) in base 11?
-247
-100 (base 3) to base 15
-9
Convert 265 (base 8) to base 16.
b5
4 (base 13) to base 12
4
Convert -4 (base 5) to base 7.
-4
What is -2 (base 15) in base 8?
-2
Convert 203 (base 4) to base 14.
27
Convert 102 (base 5) to base 11.
25
4 (base 16) to base 11
4
Convert 14 (base 5) to base 11.
9
Convert -3 (base 16) to base 5.
-3
Convert 1 (base 4) to base 2.
1
What is 53 (base 7) in base 3?
1102
What is -1a (base 11) in base 16?
-15
What is -3 (base 14) in base 2?
-11
Convert 3 (base 16) to base 8.
3
What is 2 (base 16) in base 5?
2
Convert 270 (base 9) to base 7.
441
What is -20 (base 4) in base 8?
-10
-1201 (base 4) to base 6
-241
-3 (base 9) to base 10
-3
What is -15 (base 10) in base 2?
-1111
What is -22 (base 6) in base 5?
-24
Convert 0 (base 13) to base 12.
0
-21 (base 16) to base 4
-201
Convert 2 (base 5) to base 16.
2
b (base 12) to base 7
14
-19 (base 16) to base 2
-11001
Convert -14 (base 5) to base 10.
-9
What is 2 (base 7) in base 2?
10
Convert a (base 14) to base 16.
a
What is 1 (base 3) in base 5?
1
What is 1010000 (base 2) in base 4?
1100
31 (base 10) to base 13
25
What is -273 (base 11) in base 9?
-387
fb (base 16) to base 9
308
Convert -3 (base 12) to base 14.
-3
Convert -1 (base 15) to base 16.
-1
Convert 13 (base 4) to base 16.
7
Convert -63 (base 13) to base 10.
-81
Convert -15 (base 16) to base 2.
-10101
54 (base 8) to base 2
101100
What is -2 (base 3) in base 10?
-2
2a (base 15) to base 2
101000
What is -84 (base 14) in base 16?
-74
Convert -c (base 13) to base 14.
-c
Convert -3 (base 13) to base 8.
-3
Convert -33 (base 4) to base 2.
-1111
Convert 0 (base 7) to base 3.
0
What is -314 (base 5) in base 2?
-1010100
140 (base 7) to base 16
4d
2011 (base 3) to base 7
112
-e (base 15) to base 4
-32
Convert 2b (base 16) to base 9.
47
Convert -27 (base 14) to base 16.
-23
Convert -10 (base 8) to base 16.
-8
What is c (base 14) in base 5?
22
2 (base 7) to base 3
2
-1 (base 6) to base 5
-1
Convert -70 (base 13) to base 11.
-83
What is 12a (base 11) in base 5?
1103
What is -7 (base 11) in base 10?
-7
What is 21 (base 3) in base 4?
13
6 (base 13) to base 16
6
Convert -47 (base 8) to base 15.
-29
Convert -19 (base 13) to base 10.
-22
-2124 (base 5) to base 9
-351
-78 (base 10) to base 7
-141
Convert -62 (base 9) to base 5.
-211
What is 310 (base 4) in base 6?
124
What is 4 (base 5) in base 13?
4
-11 (base 12) to base 8
-15
Convert 11112 (base 3) to base 16.
7a
Convert 1 (base 8) to base 15.
1
3 (base 16) to base 7
3
What is -4 (base 10) in base 16?
-4
What is -45 (base 14) in base 10?
-61
Convert 0 (base 4) to base 2.
0
What is -242 (base 6) in base 13?
-77
What is -5 (base 9) in base 15?
-5
What is 1c (base 15) in base 9?
30
What is d (base 14) in base 4?
31
What is 66 (base 10) in base 8?
102
Convert 10021 (base 3) to base 9.
107
Convert -1434 (base 5) to base 6.
-1044
What is 4 (base 10) in base 11?
4
2 (base 9) to base 15
2
3 (base 5) to base 15
3
Convert -33 (base 8) to base 9.
-30
What is -2 (base 13) in base 6?
-2
What is -45 (base 15) in base 13?
-50
-31 (base 11) to base 12
-2a
-1 (base 9) to base 14
-1
53 (base 9) to base 3
1210
-13 (base 8) to base 12
-b
Convert -221 (base 5) to base 9.
-67
Convert -120 (base 15) to base 2.
-11111111
What is -2 (base 10) in base 6?
-2
Convert -3 (base 10) to base 6.
-3
What is 0 (base 5) in base 4?
0
Convert -a4 (base 11) to base 4.
-1302
What is 3 (base 8) in base 6?
3
Convert -ca (base 16) to base 10.
-202
-101 (base 2) to base 4
-11
5 (base 9) to base 10
5
Convert 2 (base 12) to base 4.
2
Convert 7 (base 13) to base 11.
7
10 (base 6) to base 15
6
10100 (base 2) to base 6
32
Convert 440 (base 7) to base 15.
ee
What is -4d (base 15) in base 4?
-1021
-12 (base 6) to base 15
-8
Convert -32 (base 16) to base 5.
-200
Convert 11111 (base 2) to base 6.
51
Convert -21 (base 10) to base 6.
-33
Convert 107 (base 8) to base 4.
1013
-7 (base 15) to base 9
-7
Convert -1 (base 4) to base 15.
-1
2 (base 12) to base 6
2
What is 11 (base 4) in base 2?
101
What is 22 (base 4) in base 3?
101
Conve